2*z**2 - 81*z - 217. Give u(43).
-2
Let n(k) = 37*k + 6. Calculate n(1).
43
Let s(b) = 3*b**2 - 41*b + 34. What is s(13)?
8
Let c(f) = 29*f - 42. What is c(5)?
103
Let m(c) = c**3 - 8*c**2 + 9*c - 10. What is m(7)?
4
Let o(d) = -d**2 + 22*d - 60. What is o(21)?
-39
Let q(m) = m**2 + 9*m - 5. Calculate q(-10).
5
Let g(f) = f**2 + 4*f - 1. Determine g(-6).
11
Let f(m) = m**3 - 21*m**2 + 95*m + 42. Determine f(14).
0
Let n(h) = -54*h - 2. Determine n(-1).
52
Let w(z) = z**3 - 50*z**2 + 96*z - 23. Give w(48).
-23
Let c(n) = 5*n - 38. Calculate c(11).
17
Let a(t) = t**3 + 17*t**2 + 14*t - 33. What is a(-16)?
-1
Let a(w) = 172*w**2 + 3*w + 3. Calculate a(-1).
172
Let p(i) = -i**3 + i**2 + 3*i + 2. What is p(-2)?
8
Let u(i) = -i**3 - 25*i**2 + 187*i + 31. Calculate u(-31).
0
Let n(r) = 28*r**2 + 14*r + 15. Determine n(-1).
29
Let i(y) = -8*y**2 + 2*y. Give i(2).
-28
Let x(l) = 2*l**3 + 8*l**2. Calculate x(-4).
0
Let r(u) = -u**3 - 10*u**2 - 3*u + 1. Determine r(-9).
-53
Let n(y) = -y**3 - 12*y**2 + 12*y - 19. What is n(-13)?
-6
Let u(s) = s**3 - 10*s**2 - 11*s - 12. What is u(11)?
-12
Let j(t) = t**3 + 9*t**2 + 13*t + 15. Calculate j(-8).
-25
Let h(a) = 2*a**2 - 11*a - 34. Calculate h(8).
6
Let o(c) = 6*c + 47. Determine o(-9).
-7
Let b(f) = 2*f**2 + 21*f + 16. Determine b(-9).
-11
Let o(k) = k**3 + 8*k**2 + 7*k - 2. Calculate o(-5).
38
Let h(d) = d**2 + 15*d + 35. Give h(-12).
-1
Let j(h) = -h**3 - 9*h**2 + 10*h + 1. Determine j(-10).
1
Let l(x) = x**3 - 6*x**2 + 6*x - 6. Determine l(5).
-1
Let u(a) = 4*a - 26. Give u(5).
-6
Let b(f) = -f**3 + 13*f**2 - 14*f + 32. Determine b(12).
8
Let z(d) = -5*d**2 + 27*d - 16. What is z(5)?
-6
Let a(s) = 17*s + 16. What is a(-6)?
-86
Let p(q) = -q + 2. Determine p(8).
-6
Let s(h) = -h**3 + 5*h**2 + 6*h - 5. Give s(6).
-5
Let x(w) = w**3 + 4*w**2 - w - 7. Give x(-3).
5
Let h(u) = -26*u**2 + u + 2. Give h(-1).
-25
Let a(b) = -b**3 - b**2 + 10. What is a(0)?
10
Let o(w) = w**2 + 5*w - 4. Determine o(-8).
20
Let q(p) = 2*p + 51. Determine q(-27).
-3
Let y(o) = o**2 + 13*o + 44. Determine y(-8).
4
Let l(u) = -16*u + 165. Give l(12).
-27
Let s(n) = 2*n**2 + 93*n + 142. What is s(-45)?
7
Let t(b) = 2*b**2 - 19*b + 30. Calculate t(11).
63
Let x(w) = -w**3 - 15*w**2 - 14*w + 32. Determine x(-14).
32
Let j(k) = k**2 - 7. What is j(-4)?
9
Let y(b) = -b**2 - 6*b - 6. Give y(-7).
-13
Let z(x) = -x**2 - 14*x - 15. Determine z(-12).
9
Let l(h) = h**3 - 6*h**2 + 4*h + 10. Give l(5).
5
Let h(r) = r**3 - 12*r**2 + r + 4. Determine h(12).
16
Let q(i) = 14*i + 33. Give q(-3).
-9
Let o(z) = -2*z**3 - 27*z**2 - 11*z + 25. Calculate o(-13).
-1
Let o(g) = g**2 + 33*g + 138. Calculate o(-28).
-2
Let d(c) = -c**3 - 22*c**2 + 9*c - 62. Determine d(-23).
260
Let p(o) = o**3 + 7*o**2 + 4*o + 5. Determine p(-7).
-23
Let y(j) = 3*j + 2. Calculate y(-7).
-19
Let l(f) = -f**2 + 6*f - 14. Determine l(5).
-9
Let x(o) = -2*o + 16. Give x(15).
-14
Let g(h) = -5*h. Calculate g(2).
-10
Let y(t) = -t**3 - t**2 - t - 28. Calculate y(0).
-28
Let n(w) = w**2 + 18*w + 14. Determine n(-16).
-18
Let d(c) = -c**3 - 6*c**2 + c + 4. What is d(-5)?
-26
Let o(z) = -6*z + 58. Calculate o(11).
-8
Let r(f) = 3*f + 3. Calculate r(-2).
-3
Let b(h) = -3*h**2 + 45*h - 152. Calculate b(10).
-2
Let q(h) = h**3 - 5*h**2 - 14*h + 7. Determine q(-3).
-23
Let m(b) = 16*b + 87. Determine m(-6).
-9
Let s(y) = -y**2 - 7*y + 29. Determine s(-11).
-15
Let p(h) = -h**3 + 9*h**2 - 18*h + 3. Determine p(6).
3
Let z(x) = 5*x**2 + 7*x - 7. Give z(1).
5
Let p(o) = -2*o**2 + 11. Determine p(-4).
-21
Let o(s) = -75*s - 293. Give o(-4).
7
Let u(p) = p**2 - 10*p + 11. Determine u(8).
-5
Let b(q) = 4*q**2 + 90*q - 148. Calculate b(-24).
-4
Let n(x) = -x**2 - 2*x + 1. What is n(4)?
-23
Let r(b) = 2*b**3 + 2*b**2 - 2*b + 3. Give r(2).
23
Let g(j) = -j**3 + 16*j**2 - 17*j + 36. Calculate g(15).
6
Let q(s) = 2*s + 2. What is q(13)?
28
Let v(w) = -w**3 - 8*w**2 - 4*w + 5. What is v(-6)?
-43
Let z(c) = c**3 - 4*c**2 - 2*c - 6. Give z(5).
9
Let d(u) = 2*u**2 + 21*u + 12. Determine d(-10).
2
Let f(x) = -2*x**2 + 29*x + 20. What is f(16)?
-28
Let l(b) = -b**3 + 6*b**2 + b - 10. What is l(6)?
-4
Let j(u) = 2*u - 36. Determine j(18).
0
Let j(l) = -l**3 + 2*l**2 + 4*l - 16. What is j(3)?
-13
Let d(l) = -l**2 + 11*l + 5. Give d(8).
29
Let x(a) = 22*a - 13. What is x(-8)?
-189
Let o(x) = -2*x**2 + 10*x + 3. Determine o(6).
-9
Let b(v) = 7*v**3 + 4*v**2 + v - 4. What is b(1)?
8
Let j(w) = 2*w**2 + 24*w - 3. What is j(-8)?
-67
Let j(n) = -n**3 + 6*n**2 - 15*n + 37. What is j(4)?
9
Let a(g) = g**2 - g + 1. What is a(1)?
1
Let z(q) = -q**3 + 9*q**2 + 9. Determine z(9).
9
Let s(b) = -b**3 + 5*b**2 + 5*b - 11. Calculate s(6).
-17
Let z(h) = -4*h**3 - 5*h**2 + h + 13. What is z(0)?
13
Let j(m) = -m**3 + 17*m**2 - 15*m - 3. Determine j(16).
13
Let y(h) = -h**3 + 16*h**2 - h - 13. Give y(16).
-29
Let g(b) = 6*b**2 - 4*b + 3. Determine g(1).
5
Let i(y) = -3*y + 14. Give i(8).
-10
Let b(n) = -2*n + 7. What is b(0)?
7
Let w(r) = -r**2 + 4*r + 14. Give w(5).
9
Let y(s) = s**2 + 15*s + 58. Calculate y(-8).
2
Let j(r) = -r**2 + 7*r - 5. Calculate j(4).
7
Let t(k) = k**2 + 5*k + 19. Give t(-8).
43
Let h(v) = v**2 - 24*v - 60. What is h(26)?
-8
Let o(i) = -2*i + 14. What is o(10)?
-6
Let t(a) = a**3 - 19*a**2 - 119*a - 26. Give t(24).
-2
Let q(o) = 13*o**2 - 4*o - 4. Determine q(-3).
125
Let n(i) = -i - 7. What is n(3)?
-10
Let d(z) = z**2 + 10*z + 20. What is d(-10)?
20
Let v(q) = -q**3 - 11*q**2 + 14*q + 17. Determine v(-12).
-7
Let x(y) = y**3 + 5*y**2 - 4*y + 4. Give x(-6).
-8
Let i(x) = -x - 4. Determine i(-10).
6
Let r(t) = -t**3 + 46*t**2 + 91*t + 238. Give r(48).
-2
Let m(j) = -j**3 - 4*j - 4. What is m(-1)?
1
Let s(d) = d**3 - 7*d**2 - 2*d + 6. Calculate s(0).
6
Let w(y) = -61*y**2 - 3*y. Calculate w(-1).
-58
Let b(l) = -3*l**2 - 4*l + 17. Determine b(-5).
-38
Let d(q) = -q**3 - q**2 + 7*q + 3. What is d(3)?
-12
Let s(p) = 15*p**2 + 2*p + 1. What is s(-1)?
14
Let r(f) = -f**3 + 16*f**2 - 28*f - 3. What is r(14)?
-3
Let z(v) = -v**2 - 11*v - 17. What is z(-9)?
1
Let r(d) = -12*d**3 - d**2 + 2*d. Give r(1).
-11
Let q(l) = 9*l + 152. Calculate q(-14).
26
Let c(k) = -k**3 - 13*k**2 + k + 15. Calculate c(-13).
2
Let v(p) = -3*p**2 - p + 1. Calculate v(1).
-3
Let w(m) = -2*m**2 - 13*m + 51. What is w(3)?
-6
Let f(d) = d**2 - d - 3. Give f(-6).
39
Let s(w) = -11*w + 3. Determine s(2).
-19
Let w(n) = -n + 5. Give w(-4).
9
Let l(k) = -k**2 - 5*k - 8. What is l(-4)?
-4
Let o(v) = v**2 + 6*v + 9. Give o(-4).
1
Let k(o) = 33*o - 1031. Determine k(31).
-8
Let t(c) = -c**2 + 8*c. Calculate t(7).
7
Let y(m) = 2*m**2 + m - 1. Give y(0).
-1
Let p(t) = 2*t**2 - 26*t + 21. Give p(12).
-3
Let k(h) = -4*h**3 - h**2 - 2*h - 1. Determine k(-1).
4
Let o(w) = w**2 + 14*w + 9. Give o(-13).
-4
Let h(l) = l**3 - 17*l - 40. Determine h(-3).
-16
Let b(m) = m**2 + 15*m - 37. Determine b(-16).
-21
Let o(f) = -f**3 + 4*f**2 + f. Calculate o(3).
12
Let j(o) = -o**3 + 17*o**2 - 11*o - 24. Determine j(16).
56
Let v(z) = -2*z**2 - 32*z - 78. What is v(-13)?
0
Let h(v) = v**3 - 11*v**2 - 21*v + 10. Calculate h(13).
75
Let p(a) = a**2 - 5*a - 8. What is p(5)?
-8
Let l(y) = -y**2 + y + 3. What is l(0)?
3
Let t(r) = 4*r**3 - 77*r**2 + 19*r + 9. Determine t(19).
9
Let v(s) = -6*s + 158. Determine v(32).
-34
Let i(f) = -6*f**2 + 4*f + 3. Calculate i(-1).
-7
Let u(s) = 5*s + 14. What is u(5)?
39
Let v(z) = -31*z - 100. What is v(-3)?
-7
Let f(o) = o**2 - 5*o - 4. What is f(-4)?
32
Let f(h) = h**2 - 17*h - 17. Calculate f(19).
21
Let n(s) = s**2 - 16*s + 9. Give n(16).
9
Let o(m) = -2*m**3 - 8*m**2 + 8*m + 3. Give o(-4).
-29
Let r(o) = -o**2 - o + 14. Give r(0).
14
Let o(c) = c**3 - 16*c**2 - 57*c + 10. Determine o(19).
10
Let q(r) = r**2 + 4*r - 9. Give q(-5).
-4
Let z(a) = -7*a + 4. Give z(-4).
32
Let n(o) = o**3 - 5*o**2 - 5*o. Calculate n(5).
-25
Let f(b) = -7*b - 59. Give f(-8).
-3
Let k(y) = y**2 - 9*y - 10. Give k(10).
0
Let v(l) = -l**2 - 19*l + 44. Give v(-21).
2
Let q(m) = m**3 + 10*m**2 + 9*m - 3. Determine q(-9).
-3
Let v(o) = -o**3 + o**2 + 2*o + 2. What is v(4)?
-38
Let l(a) = -a**2 - 7*a + 7. What is l(2)?
-11
Let r(x) = x**3 - 4*x**2 - 2*x + 3. What is r(4)?
-5
Let p(o) = -o**2 - 8*o - 4. Determine p(-8).
-4
Let x(y) = -7*y**3 + 4*y - 